prime number?
False
Is 9136261 a prime number?
True
Is 3571586 a prime number?
False
Is 507713 a composite number?
False
Is 8471513 composite?
True
Is 14296229 a composite number?
False
Is 1437491 a composite number?
True
Is 141416417 a composite number?
False
Is 15896941 a composite number?
False
Is 6053263 composite?
False
Is 35290813 a prime number?
True
Is 3096287 prime?
True
Is 1184341 prime?
False
Is 139611377 composite?
False
Is 312123373 a prime number?
True
Is 40784353 a composite number?
True
Is 496051 a prime number?
True
Is 7637282 a prime number?
False
Is 1873763 prime?
False
Is 10246143 composite?
True
Is 327440599 a composite number?
False
Is 506486 composite?
True
Is 5079911 composite?
False
Is 42447679 prime?
True
Is 27239353 a composite number?
False
Is 5052319 composite?
True
Is 4565447 a prime number?
False
Is 1368163691 prime?
True
Is 46021 a prime number?
True
Is 2120819 composite?
False
Is 3004493 composite?
False
Is 374444087 prime?
True
Is 2947471 a prime number?
True
Is 7637153 a composite number?
False
Is 2211085 composite?
True
Is 2754859 prime?
True
Is 536415877 a composite number?
False
Is 1271851 a prime number?
False
Is 17623019 a prime number?
True
Is 1746413 composite?
True
Is 8215349 a composite number?
False
Is 124476827 a composite number?
False
Is 65432681 a prime number?
True
Is 4994309 prime?
True
Is 107290813 prime?
False
Is 550427 a prime number?
True
Is 3364201 a prime number?
False
Is 60081353 composite?
False
Is 7225987 composite?
False
Is 85131973 prime?
False
Is 20117473 prime?
True
Is 138449 composite?
False
Is 58602119 composite?
True
Is 844327 a composite number?
True
Is 15807587 prime?
True
Is 509813 a prime number?
False
Is 74934703 composite?
False
Is 3122309 composite?
False
Is 11799947 prime?
False
Is 262249307 a prime number?
True
Is 1677497 a composite number?
True
Is 7670662 prime?
False
Is 22585309 composite?
True
Is 18054577 a composite number?
False
Is 9053243 composite?
False
Is 2720747 a composite number?
False
Is 35990473 a prime number?
False
Is 10407001 a prime number?
False
Is 33689743 prime?
True
Is 2278079 composite?
False
Is 36208961 a composite number?
True
Is 43499 a composite number?
False
Is 30256273 a composite number?
False
Is 119921 composite?
False
Is 16399559 composite?
True
Is 293842 a prime number?
False
Is 78649079 composite?
False
Is 108500219 a composite number?
True
Is 1309433 composite?
True
Is 17508727 a prime number?
False
Is 103231 a prime number?
True
Is 21931771 composite?
True
Is 51048566 composite?
True
Is 1512577 a prime number?
False
Is 430121 a prime number?
True
Is 19260907 a composite number?
False
Is 62585 composite?
True
Is 39119779 prime?
True
Is 303724699 composite?
False
Is 5645779 a composite number?
False
Is 676105 composite?
True
Is 80712143 a composite number?
False
Is 1491862 composite?
True
Is 3672089 prime?
True
Is 149934737 prime?
True
Is 2562011 a prime number?
True
Is 29571089 a composite number?
False
Is 78057313 prime?
True
Is 14083423 a composite number?
True
Is 10714927 composite?
True
Is 5281489 composite?
False
Is 176516891 composite?
False
Is 1102980943 a prime number?
False
Is 2553877 a composite number?
True
Is 76685953 prime?
True
Is 89736649 a composite number?
False
Is 267393721 a composite number?
True
Is 72086329 prime?
False
Is 1354361 a composite number?
False
Is 4176623 a composite number?
True
Is 5533141 composite?
False
Is 128976763 a composite number?
False
Is 13943317 prime?
False
Is 153088889 a prime number?
True
Is 139963087 a prime number?
False
Is 1121997 composite?
True
Is 36753059 a prime number?
False
Is 38776421 composite?
False
Is 21325687 a prime number?
True
Is 440110735 a prime number?
False
Is 3511231 a prime number?
False
Is 259771 a composite number?
False
Is 2929871 prime?
False
Is 45168989 a prime number?
True
Is 9667837 a prime number?
True
Is 3204281 composite?
False
Is 1975037 composite?
False
Is 836253709 a composite number?
True
Is 2772635 prime?
False
Is 43417427 prime?
False
Is 3298933 a prime number?
False
Is 4319069 a composite number?
False
Is 23841113 a composite number?
True
Is 23641957 prime?
True
Is 33592345 a prime number?
False
Is 10961407 prime?
False
Is 2524723 a prime number?
True
Is 1344848539 prime?
True
Is 8119337 composite?
False
Is 52954297 a prime number?
False
Is 73881931 a prime number?
True
Is 402034279 a composite number?
True
Is 7365851 a prime number?
False
Is 2535881 composite?
False
Is 6865799 a composite number?
True
Is 113471 composite?
True
Is 141187859 composite?
True
Is 436209541 a prime number?
True
Is 3806501 a composite number?
False
Is 268848959 prime?
False
Is 4205269 a composite number?
False
Is 820634197 prime?
False
Is 17922669 a prime number?
False
Is 8983509 prime?
False
Is 12989833 composite?
True
Is 16094357 prime?
False
Is 466253 composite?
True
Is 11585999 prime?
True
Is 60357389 a composite number?
False
Is 2400679 composite?
True
Is 2481601 prime?
True
Is 17783977 a prime number?
False
Is 115294439 composite?
True
Is 21478921 a composite number?
True
Is 5361137 prime?
False
Is 27790481 a composite number?
False
Is 1495997 a prime number?
False
Is 2136007 prime?
False
Is 538344161 composite?
True
Is 11419061 a prime number?
False
Is 49544251 prime?
False
Is 78977 a composite number?
False
Is 2784593 a composite number?
True
Is 455413069 a composite number?
False
Is 2137007 a composite number?
True
Is 39727279 a prime number?
False
Is 1822337 composite?
True
Is 5134643 a prime number?
True
Is 951553 a composite number?
False
Is 3343607 composite?
False
Is 61725281 prime?
False
Is 563963 a composite number?
True
Is 337837 a prime number?
True
Is 2350991 a prime number?
False
Is 228217771 a composite number?
False
Is 15272363 composite?
False
Is 95545717 a prime number?
True
Is 3419149 a composite number?
False
Is 7925173 a prime number?
True
Is 6216862 composite?
True
Is 311977 composite?
True
Is 23845621 composite?
False
Is 884834471 prime?
False
Is 17238883 composite?
True
Is 26999939 composite?
False
Is 369583 composite?
True
Is 1633511 a prime number?
False
Is 437641 prime?
True
Is 123042169 a composite number?
False
Is 10979897 a prime number?
False
Is 2088551 a prime number?
False
Is 98331367 a composite number?
True
Is 4074541 prime?
False
Is 1844153 a composite number?
False
Is 3222889 a prime number?
False
Is 19831301 a prime number?
False
Is 254630477 composite?
True
Is 74724931 a composite number?
False
Is 180941 prime?
False
Is 114395383 a prime number?
False
Is 82223527 composite?
False
Is 96406423 prime?
False
Is 10036561 prime?
False
Is 1035641 composite?
False
Is 392131 a prime number?
True
Is 144767067 a prime number?
False
Is 2661391 a prime number?
True
Is 9776729 prime?
True
Is 16014101 prime?
False
Is 4642769 composite?
True
Is 53273281 a composite number?
False
Is 26135371 a prime number?
True
Is 8467477 a prime number?
True
Is 864190013 prime?
True
Is 44917283 prime?
True
Is 22417363 composite?
False
Is 1161287 a composite number?
True
Is 18498243 a composite number?
True
Is 1765721 composite?
True
Is 4957757 a composite number?
True
Is 2758013 composite?
True
Is 87057803 a prime number?
False
Is 755177 composite?
True
Is 8117357 a composite number?
True
Is 13642301 prime?
False
Is 1919089 a prime number?
False
Is 119841697 prime?
False
Is 4774449 prime?
False
Is 22371941 a prime number?
True
Is 111933803 prime?
True
Is 1577307 a prime number?
False
Is 6185939 composite?
True
Is 82443703 a composite number?
False
Is 116028119 prime?
True
Is 125898517 prime?
True
Is 239644679 a prime number?
False
Is 47721241 prime?
True
Is 1210003 composite?
False
Is 3554147 a composite number?
False
Is 13324189 a prime number?
True
Is 13375735 a prime number?
False
Is 2017669 composite?
False
Is 4385359 composite?
True
Is 25768447 a prime number?
False
Is 14882129 prime?
True
Is 559770539 composite?
False
Is 2168797 a composite number?
False
Is 871561 a prime number?
False
Is 2582743 prime?
False
Is 1974523523 a prime number?
False
Is 12151717 composite?
False
Is 84359 a composite number?
True
Is 176239047 composite?
True
Is 17365781 prime?
True
Is 85500529 prime?
True
Is 76914269 composite?
False
Is 10148833 composite?
False
Is 2264